4
Suppose 409*j - 407*j - 444 = 0. What is the tens digit of j?
2
Let n(q) = 26*q**2 - 40*q - 6. What is the thousands digit of n(14)?
4
Suppose -27*t + 18*t + 15561 = 0. What is the thousands digit of t?
1
Suppose y + 4*y = -10. What is the tens digit of -7*((y - 0 - 1) + 0)?
2
Suppose -c - 5*x + 110 + 107 = 0, -5*c + 4*x = -1056. What is the tens digit of c?
1
Suppose 11*y + 242090 = 97*y. What is the units digit of y?
5
Suppose -4*i + 3*c = -6004, 3*i + 14*c = 17*c + 4503. What is the units digit of i?
1
Let n(b) be the first derivative of -b**6/120 + 7*b**5/60 - 2*b**3/3 - 3*b**2 + 4. Let j(s) be the second derivative of n(s). What is the units digit of j(5)?
6
Let j(k) = -2*k**2 + 4*k. Let f be j(3). Let q be (-1)/((-3 - -5)/f). Suppose -q*t + 128 = t. What is the tens digit of t?
3
Let d be (-2*4)/(16/(-5672)). Let z = 4212 - d. What is the tens digit of 4/(-10) + z/40?
3
Let i = -220 - -1273. What is the thousands digit of i?
1
Let h = 2757 - 1691. What is the units digit of h?
6
Let p = -174 + -60. What is the tens digit of p/(-4)*8/12?
3
What is the hundreds digit of 84/(-105) + 1/((-5)/(-2449))?
4
Let k(b) = -3*b**3 - 17*b**2 + 12*b + 9. What is the units digit of k(-8)?
1
Suppose -5*c + 3*c = -3*b - 713, c - b - 357 = 0. What is the units digit of c?
8
Suppose 5*l + 255 = -2*b, -3*l = -4*b + 2*l - 555. Let u = -52 - b. What is the units digit of u?
3
Let u be (30/2)/((-12)/(-8)). Suppose -9*d - 71 = -u*d. What is the tens digit of d?
7
Let o = 1 + 60. Let i = o + -13. Suppose -28 = -2*z + r, 5*z + 5*r = 2*r + i. What is the tens digit of z?
1
Let u(v) = 20*v - 4. Let t be u(2). Let j = 45 - t. Suppose d - 20 = j. What is the tens digit of d?
2
Let v(j) = j**2 - 8*j - 3. Suppose -4*d = -6*y + y - 19, 0 = -3*y - 2*d - 29. What is the hundreds digit of v(y)?
1
Let b(c) = 8*c - 5. Let j be b(28). Let g = 365 - j. What is the hundreds digit of g?
1
Suppose -4*l - 10 = -2*r, r - 5*l + 10 = 6*r. Suppose c - 33 = r*a, -2*c - a + 63 = -6*a. Suppose q - 16 - c = 0. What is the units digit of q?
0
Suppose 3*o + 3 = 0, -5*o + 2225 = -5*l + 19345. What is the hundreds digit of l?
4
Let h = -1790 + 2581. What is the units digit of h?
1
Let i(q) = 50*q. Let o(s) = -s**3 - s**2 - s. Let f be o(-1). What is the tens digit of i(f)?
5
What is the tens digit of ((-65)/(-25) - 3)*59*-15?
5
Let i(y) = y**3 - 8*y**2 - 10*y + 16. Let a be i(10). Let p = a + -19. What is the units digit of p?
7
Suppose 10*t = -60 + 10. Let g(v) = -23*v - 21. What is the tens digit of g(t)?
9
Let m be 1/3 - 4953/9. Let u be (-24)/64 - m/16. Let k = -26 + u. What is the units digit of k?
8
Suppose 0 = -v - g - 3*g + 222, 5*g = v - 249. What is the units digit of v?
4
Suppose -11*x = -6*x - 950. Suppose 461 + x = 7*s. What is the tens digit of s?
9
Let u be (-3)/(-6)*0*(-2)/(-4). Suppose -o - o - 243 = -5*h, 5*o + 20 = u. What is the units digit of h?
7
Let d(s) = 3*s**2 + 76*s + 105. What is the units digit of d(-33)?
4
Let v = 301 + -210. Suppose 0 = -3*d + v + 62. What is the tens digit of d?
5
Suppose 4*n - 220 = -0*n. Suppose 3*m - 14 = n. What is the tens digit of m?
2
Let m = -10 + 13. Suppose 4*j - 128 = 3*z + 148, -z - m*j = 105. What is the units digit of (2/8)/((-12)/z)?
2
Let r(q) = 4*q + 44. Let z be r(-11). Suppose 2*a - 113 - 97 = -2*i, z = -a + 2*i + 120. What is the units digit of a?
0
Let v = -928 + 1685. What is the units digit of v?
7
Let c be 634 + (-2)/2 + -5. Suppose t = -3*t - i + c, -628 = -4*t - 2*i. What is the hundreds digit of t?
1
Let c be 9*((-26)/6 - -4). Let i(n) = -3*n**3 - 5*n**2 - 6*n - 6. Let j be i(c). Let d = j - 27. What is the tens digit of d?
2
Let m(i) = 3*i**2 + 6*i + 10. Suppose 4*h - 2 + 30 = 0. Let x be m(h). Suppose -10*d + 5*d = -x. What is the tens digit of d?
2
Let t(m) = -8*m - 8. Suppose 2*g + 2*g = j - 2, 4*j + 2*g - 98 = 0. Suppose -26*c + j*c = 28. What is the units digit of t(c)?
8
Let r = -120 - -434. What is the tens digit of r?
1
Suppose 2*y + 0 - 2 = 0. Let f be -14 + 9 + (-19)/(-2)*2. Let u = f + y. What is the units digit of u?
5
Let q = -1323 - -2269. What is the hundreds digit of q?
9
Let l(u) = -350*u - 19. What is the units digit of l(-2)?
1
Let s(m) = -21*m - 88. Suppose 0 = 2*z + 10*z + 72. What is the tens digit of s(z)?
3
Suppose -5*q + 6*q = 5. Suppose -3*j + q*j - 124 = 0. Let y = j - 27. What is the tens digit of y?
3
Let d(r) = -13*r + 6. Let n be d(3). Let o = -28 - n. What is the units digit of o?
5
Let q(g) = g**2 - 2*g + 29. What is the tens digit of q(-11)?
7
Let d be 245/(-21) - 1/3. What is the units digit of (666/d)/((-6)/8)?
4
Suppose 14*s + 1211 = 2*l + 19*s, 3*l - 3*s - 1848 = 0. Let m = l - 285. What is the tens digit of m?
2
Let o(m) be the third derivative of 5/6*m**3 + 3*m**2 + 0*m + 1/8*m**4 + 0. What is the units digit of o(12)?
1
Let v(a) = -1 + 1 - 9 - 1 - 42*a. Let r be v(-8). Suppose 4*s + 94 - r = 0. What is the tens digit of s?
5
Let h be (2232/(-45))/(4/(-10)). Suppose -5*z - 49 = -j, -4*j + h = -2*z + 6*z. What is the units digit of j?
4
Let u(n) = 2*n - 7. Let z be u(5). Let l = 107 + -104. Suppose d + d = z*b - 37, 15 = -l*d. What is the units digit of b?
9
Suppose 0 = -7*i - i + 768. Suppose 2 = o + o, 4*o = 5*q - i. What is the units digit of q?
0
Let a = -17 - -9. Let p = -6 - a. Let i = 21 - p. What is the units digit of i?
9
Let h = -14 + 38. Suppose -2*i = 3*l + 4 + 2, 6 = 3*l - 2*i. Let z = l + h. What is the tens digit of z?
2
Let m(n) = -6*n - 12. Suppose 11*z = 9*z - 22. What is the tens digit of m(z)?
5
Let r(h) = h - 4. Let m be r(15). Let d(z) = 10*z + m + 6*z - 3*z - z**2. What is the units digit of d(11)?
3
Suppose -8274 + 2474 = -5*h - 3*p, 4*h + 2*p - 4640 = 0. What is the thousands digit of h?
1
Let z be (-1105)/(-20)*(1 - -3). Suppose -z = -4*n + 15. What is the tens digit of n?
5
Suppose n + n = 0. Suppose -4*b + n = 5*a - 19, 2*b - 4*a - 16 = 0. Suppose b*h - 58 = 4*h. What is the units digit of h?
9
Let w = -43 + 28. Let c be (2 - 0)/(1/15). Let u = w + c. What is the units digit of u?
5
Suppose -57*t = -94*t + 109816. What is the thousands digit of t?
2
Suppose -4*t = s - 25, 4*s - 6*s + 26 = 4*t. Suppose 0 = -a + t*a + 2*i - 25, -5*a + 3*i = 0. Suppose 0 = a*g - 2*g - 15. What is the units digit of g?
5
Let z(s) = s**3 + 22*s**2 + 10*s + 88. What is the units digit of z(-19)?
1
Let y = -24 - 68. Let d = -8 - y. What is the tens digit of d?
8
Suppose 0 = -5*t + 29 + 1. Let x(h) be the second derivative of 2*h**3 - 10*h**2 - 25*h - 2. What is the tens digit of x(t)?
5
Suppose 9*b - 344 = -q + 13*b, 0 = -4*q + b + 1421. What is the tens digit of q?
5
Let v be -6*3/99 - (-2)/11. Let k = 29 + -18. Suppose v = -g + k + 18. What is the units digit of g?
9
Let y = 2 - 0. Suppose 2*o - 3*o + 3*s = 247, -2*o - 2*s - 502 = 0. What is the tens digit of o/5*y/(-4)?
2
Let r(x) = 5 - 6 - 2 - 3*x**3 + 2*x + 3*x**2 + 0*x**3. Let a be r(-3). Suppose 0 = -5*b - 4*f + a, b + b - 43 = -5*f. What is the units digit of b?
9
Let f(u) = -u**2 + 6*u - 8. Let h be f(4). Suppose 4*v = 5*v + 4*q - 17, 5*v - q - 1 = h. What is the units digit of v?
1
Let p be 8/(-6)*(0 + -1)*3. Suppose -p*y = -l - 45, -y = 2*y + 2*l - 31. What is the tens digit of y?
1
What is the units digit of ((-2988)/84 - -5)/(1/(-7))?
4
Suppose -7*w + 9*w = 16. Suppose 3*t = x - 19, -2*t - 2 = 4*x - w. Suppose o - 10 + 2 = 3*k, x*o = -4*k + 96. What is the tens digit of o?
2
Let p = -9 - 5. Let y be 17/3 - p/42. Suppose -5*s + 3*b + 53 = 0, -y - 8 = -s + 4*b. What is the tens digit of s?
1
Let a be 8*(14/4)/7. Suppose -4*m = 0, a*n - 8*m + 3*m = 244. What is the tens digit of n?
6
Suppose 3*u - 179 = 181. Let y = u + -75. Let p = 77 - y. What is the units digit of p?
2
Suppose -17 = -5*j - 2. Suppose -2*a + 16 = x + j*x, 4*a = -8. Let z(i) = -i**3 + 6*i**2 - 5*i + 1. What is the units digit of z(x)?
1
Suppose 4*t - 4 + 0 = 0, 3*l - 3*t = 15. Suppose -l*j + 391 = -863. What is the tens digit of j?
0
What is the units digit of (-13479)/(-9) - 62/93?
7
Let j = 476 - -574. What is the thousands digit of j?
1
Suppose -5*x + 3*j - 42 = 0, -5*x + 4*j + 18 - 64 = 0. What is the units digit of x + (2 - -1) + 20?
7
Let r(o) = 13*o - 3. Let j = 0 + -8. Let z be j/(-36) - 32/(-18). What is the units digit of r(z)?
3
S